{"id":15611,"date":"2025-02-17T11:42:21","date_gmt":"2025-02-17T04:42:21","guid":{"rendered":"https:\/\/nowbookcar.com\/live\/?post_type=product&#038;p=15611"},"modified":"2025-02-17T21:52:02","modified_gmt":"2025-02-17T14:52:02","slug":"ha-noi-xe-taxi-san-bay-noi-bai-24h","status":"publish","type":"product","link":"https:\/\/nowbookcar.com\/live\/product\/ha-noi-xe-taxi-san-bay-noi-bai-24h\/","title":{"rendered":"H\u00c0 N\u1ed8I \u2013 XE TAXI S\u00c2N BAY N\u1ed8I B\u00c0I 24H"},"content":{"rendered":"<p>V\u1edbi h\u01a1n\u00a05+ n\u0103m kinh nghi\u1ec7m\u00a0l\u0129nh v\u1ef1c Xe Taxi S\u00e2n Bay\u00a0(H\u00e0 N\u1ed9i \u21cc N\u1ed9i B\u00e0i \u21cc C\u00e1c T\u1ec9nh)\u00a0&amp; Taxi \u0110\u01b0\u1eddng D\u00e0i\u00a0(H\u00e0 N\u1ed9i \u21cc \u0110i T\u1ec9nh). S\u1edf h\u1eefu\u00a0100+ xe \u0111\u1eddi m\u1edbi h\u1ea1ng sang\u00a0mang \u0111\u1ebfn s\u1ef1 h\u00e0i l\u00f2ng t\u1edbi kh\u00e1ch h\u00e0ng.<br \/>\n&#8211; Cam k\u1ebft\u00a0Uy T\u00edn, Gi\u00e1 R\u1ebb ch\u1ec9 t\u1eeb 180.000 VN\u0110<br \/>\n&#8211; Xe \u0111\u1eddi m\u1edbi, ch\u1ea5t l\u01b0\u1ee3ng cao\u00a0(4 ch\u1ed7, 5 ch\u1ed7, 7 ch\u1ed7, 16 ch\u1ed7 &amp; \u2265 29 ch\u1ed7)<br \/>\n&#8211; T\u00e0i x\u1ebf chuy\u00ean nghi\u1ec7p, l\u1ecbch s\u1ef1<br \/>\n&#8211; \u0110\u01b0a \u0111\u00f3n \u0111\u00fang gi\u1edd, \u0111\u00fang l\u1ecbch tr\u00ecnh<br \/>\n&#8211; Ph\u1ee5c v\u1ee5 24\/24. Mi\u1ec5n ph\u00ed th\u1eddi gian ch\u1edd 60 ph\u00fat<br \/>\n&#8211; \u01afu \u0111\u00e3i \u0111\u1ed1i v\u1edbi kh\u00e1ch h\u00e0ng t\u1ed5 ch\u1ee9c (H\u1ed7 tr\u1ee3 xu\u1ea5t VAT)<br \/>\n&#8211; \u01afu \u0111\u00e3i chi\u1ec1u v\u1ec1 gi\u1ea3m gi\u00e1 20%<\/p>\n","protected":false},"excerpt":{"rendered":"<p>sefsdf<\/p>\n","protected":false},"author":34,"featured_media":15612,"comment_status":"open","ping_status":"closed","template":"","meta":{"_acf_changed":false,"_siteseo_robots_primary_cat":"227","pagelayer_contact_templates":[],"_pagelayer_content":""},"product_brand":[],"product_cat":[227,229],"product_tag":[293,297,298],"languages":[],"duration":[],"expertise_level":[],"skills":[],"delivery_time":[273],"class_list":{"0":"post-15611","1":"product","2":"type-product","3":"status-publish","4":"has-post-thumbnail","6":"product_cat-di-chuyen","7":"product_cat-xe-san-bay","8":"product_tag-thue-xe-4-cho","9":"product_tag-thue-xe-co-tai-xe-rieng","10":"product_tag-thue-xe-tu-lai","11":"delivery_time-1-ngay","13":"first","14":"outofstock","15":"sale","16":"shipping-taxable","17":"purchasable","18":"product-type-simple"},"acf":[],"jetpack_sharing_enabled":true,"_links":{"self":[{"href":"https:\/\/nowbookcar.com\/live\/wp-json\/wp\/v2\/product\/15611","targetHints":{"allow":["GET"]}}],"collection":[{"href":"https:\/\/nowbookcar.com\/live\/wp-json\/wp\/v2\/product"}],"about":[{"href":"https:\/\/nowbookcar.com\/live\/wp-json\/wp\/v2\/types\/product"}],"author":[{"embeddable":true,"href":"https:\/\/nowbookcar.com\/live\/wp-json\/wp\/v2\/users\/34"}],"replies":[{"embeddable":true,"href":"https:\/\/nowbookcar.com\/live\/wp-json\/wp\/v2\/comments?post=15611"}],"wp:featuredmedia":[{"embeddable":true,"href":"https:\/\/nowbookcar.com\/live\/wp-json\/wp\/v2\/media\/15612"}],"wp:attachment":[{"href":"https:\/\/nowbookcar.com\/live\/wp-json\/wp\/v2\/media?parent=15611"}],"wp:term":[{"taxonomy":"product_brand","embeddable":true,"href":"https:\/\/nowbookcar.com\/live\/wp-json\/wp\/v2\/product_brand?post=15611"},{"taxonomy":"product_cat","embeddable":true,"href":"https:\/\/nowbookcar.com\/live\/wp-json\/wp\/v2\/product_cat?post=15611"},{"taxonomy":"product_tag","embeddable":true,"href":"https:\/\/nowbookcar.com\/live\/wp-json\/wp\/v2\/product_tag?post=15611"},{"taxonomy":"languages","embeddable":true,"href":"https:\/\/nowbookcar.com\/live\/wp-json\/wp\/v2\/languages?post=15611"},{"taxonomy":"duration","embeddable":true,"href":"https:\/\/nowbookcar.com\/live\/wp-json\/wp\/v2\/duration?post=15611"},{"taxonomy":"expertise_level","embeddable":true,"href":"https:\/\/nowbookcar.com\/live\/wp-json\/wp\/v2\/expertise_level?post=15611"},{"taxonomy":"skills","embeddable":true,"href":"https:\/\/nowbookcar.com\/live\/wp-json\/wp\/v2\/skills?post=15611"},{"taxonomy":"delivery_time","embeddable":true,"href":"https:\/\/nowbookcar.com\/live\/wp-json\/wp\/v2\/delivery_time?post=15611"}],"curies":[{"name":"wp","href":"https:\/\/api.w.org\/{rel}","templated":true}]}}